19*f**2 - 22*f - 24. Let v be h(-15). Calculate the highest common divisor of 3 and v.
3
Suppose -7*f - 728 + 2141 = -1597. What is the highest common divisor of 2795 and f?
215
Suppose 208*v - 152912 = 1114841 - 25993. Calculate the greatest common divisor of v and 30.
30
Suppose -6*t + 8*t + 2*b - 11694 = 0, -5867 = -t + 3*b. Suppose -t = 8*z - 27*z. Calculate the greatest common factor of z and 28.
28
Let n be (-15)/2*80/(-50) - -1. Suppose -n = m - 2. Let h(s) = -4*s - 29. Let d be h(m). What is the greatest common divisor of d and 75?
15
Let o = 37 + -67. Let c be (-7 + 9)*o/(-4). Calculate the greatest common divisor of 120 and c.
15
Let j be (-3)/8 - 1476/(-96). Calculate the highest common factor of j and 65.
5
Let k be 14*((-9)/(-7) - 1) - (-1885 + -25). What is the greatest common divisor of 99 and k?
33
Suppose 4*q + 588 = 2*j, 0 = -153*j + 146*j - 4*q + 1932. Calculate the greatest common divisor of 245 and j.
35
Let c = -14 + 19. Suppose -c*d - 10 = -2*n, 3*d = 4*n - 24 + 4. Suppose 5*k + 20 = 2*l, d*l + 5*l - 104 = -k. Calculate the highest common factor of 90 and l.
10
Let f be ((-135)/(-10))/((-5)/(-190)). Suppose -51*s + 48*s + f = 0. Calculate the highest common factor of s and 38.
19
Suppose -164*u = -173*u + 2025. Suppose 0*g + g + u = h, -3*h = 4*g - 640. Calculate the highest common factor of 20 and h.
20
Let y(g) = -7*g - 2. Let a be y(-6). Let w = -47875 + 47900. What is the highest common factor of a and w?
5
Let z(x) = -14628*x - 796. Let l be z(-1). Calculate the highest common divisor of l and 78.
26
Suppose -57*l + 55*l + 104 = 0. Let t be 112/392 - l/(-14). Calculate the greatest common divisor of 14 and t.
2
Let h(l) = -227*l + 2746. Let b be h(10). What is the greatest common divisor of b and 308?
28
Let g be (-17 + 8)*(-4)/6. Suppose 16*b = -51*b + 7638. What is the greatest common divisor of b and g?
6
Suppose 173 = q + 695. Let m = q - -337. Let x be 2771/6 + m/(-30) + -6. What is the highest common divisor of 42 and x?
42
Suppose -9*y + 17*y - 16 = 0. Suppose 0 = -v + x - 6*x + 22, -x = y*v - 17. Suppose -v*d = -3*d - 280. Calculate the highest common factor of d and 28.
14
Let c = 8224 - 4655. Calculate the highest common factor of 83 and c.
83
Let t(g) = -g**3 + 3*g**2 + 7*g - 8. Let q be t(4). Suppose -8*s = -9*s + q. Suppose -2*h = -s*h + 504. Calculate the highest common divisor of h and 36.
36
Suppose m + 4*h = -2*m + 434, -5*m - 5*h + 715 = 0. Let d(u) = -24*u - 2544. Let n be d(-107). What is the greatest common factor of m and n?
6
Suppose 545*c = 593*c - 8400. What is the highest common factor of c and 2050?
25
Let y be (-1 - (-393)/12)*(0 + -4). Let o = -125 - y. Let k be o - (-9 - -3)/1. Calculate the highest common factor of k and 32.
8
Let k(m) = 5*m**2 + 3*m - 2. Let c be k(3). Suppose -4*n + 27 + 56 = -177. What is the highest common divisor of n and c?
13
Suppose 5*u + 1 = -29. Let o be (-14 - (u - 3))/((-2)/54). Let g(r) = r**2 + 54. Let j be g(0). What is the highest common factor of o and j?
27
Suppose 0 = 34*b - 12005 - 3771. Suppose -13*i = -15*i + b. What is the highest common factor of i and 16?
8
Let g be (4/3)/(-2)*30300/(-404). What is the highest common factor of g and 1550?
50
Suppose 3*o - 3*x = -8*x + 226, -o + 4*x = -64. Calculate the greatest common factor of o and 234.
18
Let y be 45/(7/2*(-9)/(-21)). Calculate the greatest common factor of y and 3315.
15
Suppose -7742 - 658 = -7*a. Calculate the highest common divisor of 375 and a.
75
Let d(l) = -23*l + 192. Let t be d(7). Let v be 4/10 + (-134)/10. Let f be 2/(2 - 0)*(t - v). What is the highest common factor of 4 and f?
4
Let d = 178 + -182. Let c be 2/3*(10 + 9 + d). Let o(r) = 9*r - 2. Let t be o(8). What is the highest common divisor of t and c?
10
Suppose 5*i - 6273 = -36*i. Suppose -4*u - 12 = -v, -2*v + u - 65 = -6*v. Suppose -11 = -3*o + v. Calculate the highest common factor of i and o.
9
Suppose 0 = -4*k - 16*k + 980. Suppose -4*y - 255 = -5*j, j + 5*y = -0*j + 22. Let g = k - j. Calculate the highest common divisor of g and 8.
2
Let p = 246 + -137. Let d = p - 83. Let m = 39 - d. What is the highest common divisor of m and 169?
13
Let d = 7202 + -7162. What is the greatest common divisor of 995 and d?
5
Let k be 1*18/3*(-14)/6. Let s be (-548)/(-5) + k/(-35). Let f(j) = -j + 5. Let l be f(-5). What is the greatest common divisor of l and s?
10
Let m(s) = s**2 - 422*s + 3833. Let b be m(9). Let t(i) = i**3 - i**2 - 4*i + 2. Let w be t(3). Calculate the highest common factor of w and b.
4
Let u = 2 + 13. Suppose -77901 = -70*y - 17631. Let c be y/57 + 36/(-342). Calculate the greatest common factor of u and c.
15
Let z = 4706 + -2431. Calculate the highest common divisor of z and 175.
175
Let n be (2/((-4)/86))/(-1). Suppose 2*s - 10 = -2*k, -s = -k - 689 + 686. Calculate the greatest common factor of n and k.
1
Let b = -1168 + 1402. Suppose -14 = -x - x + 4*c, -3*c - 3 = 0. Suppose x*o - 201 = -3*h, 2 = h - 0*h. Calculate the highest common divisor of b and o.
39
Suppose 75*t = 3*i + 80*t + 10, 0 = 3*i + 3*t + 12. Let v(m) = -27*m - 130. Let q be v(i). What is the greatest common factor of q and 30?
5
Suppose 78*n = 76*n - 14, 3*n = 2*z - 105. Let d = -6 + 11. Let i be d/(-20) + 57/4. Calculate the highest common divisor of i and z.
14
Let b(i) = i**3 - 8*i**2 - 6*i + 2. Let x be b(10). Let z = 217 - x. What is the highest common factor of z and 25?
25
Suppose 2053 + 29595 = 92*c. Calculate the highest common factor of c and 215.
43
Suppose 5*a + 5*j - 2770 = 0, 5*a + j - 2786 = -0*j. Suppose 2*r + 271 - 307 = 0. What is the greatest common factor of a and r?
18
Let g be -6 - (45 + (10 - 4)). Let r = 16 - g. Calculate the greatest common divisor of r and 292.
73
Let n = 1958 + -1412. Calculate the highest common divisor of 741 and n.
39
Let j(d) = -27*d - 12. Let s = 196 + -200. Let u be j(s). What is the highest common factor of 72 and u?
24
Suppose -35*a = -110 - 644 + 54. What is the highest common divisor of a and 5770?
10
Suppose -951 = -7*o + 1695. Suppose 3727*d = 3734*d - 98. What is the greatest common factor of o and d?
14
Let c(j) = -j**3 - 26*j**2. Let q be c(-26). Suppose q = -2*z - 4*i + 216, 23*i - 112 = -z + 20*i. Calculate the greatest common divisor of z and 8.
4
Let q be 2*(-1)/2*-4. Suppose 5*r = -a + 46, -2*r + q = a + 3*a. Let s = -4954 + 5024. Calculate the highest common factor of r and s.
10
Suppose -560 = -4*i - 3*n, 207 = 5*i + n - 504. Let o = -1 - -6. Suppose -5*p = 2*a - 53, -2*p = -o*a - 34 + 7. Calculate the greatest common factor of p and i.
11
Let w = 7 + -4. Suppose w*n - n - 5*f + 11 = 0, 3*n = 5*f - 9. Let b = -1313 - -1335. Calculate the highest common divisor of b and n.
2
Let k(q) = -2*q**3 - 16*q**2 - 4*q - 14. Let m be k(-8). Let h be (65/(-10))/((-9)/m). What is the highest common divisor of 143 and h?
13
Let l be 56*(-2*(-14)/4 + (-2748)/(-48)). What is the greatest common factor of 112 and l?
14
Let f = -414 + 475. Suppose -f = 5*p - 436. What is the highest common divisor of 15 and p?
15
Suppose -10195 - 137711 = -166*p. What is the highest common divisor of p and 243?
81
Suppose 10*i + 4*p = 5*i + 1201, -4*i = -4*p - 1004. What is the greatest common factor of 770 and i?
35
Suppose 0*z + 2*z + 42 = 0. Suppose 27 = -5*h + 262. Let o = z + h. What is the highest common factor of o and 234?
26
Let m = -304 + 328. Suppose 0 = -m*t + 36*t - 636. Calculate the highest common divisor of t and 159.
53
Suppose 169 = -3*a - 2*c, 5*a + c = -c - 287. Let f = a + 79. Let v be 8/f - (-2)/((-40)/(-492)). What is the greatest common factor of v and 10?
5
Let f = 10012 - -10362. Calculate the highest common divisor of f and 366.
122
Suppose 5*c = -2*y + 799, -3*y + 2*c + 96 = -1150. Calculate the highest common factor of 1751 and y.
103
Let g = -168 + 175. Suppose -g*h = -178 - 137. Calculate the highest common factor of 120 and h.
15
Suppose 0 = r + 35 + 15. Let u(z) = -7*z**2 - 8*z + 15. Let s be u(3). Let x = r - s. Calculate the highest common divisor of 11 and x.
11
Suppose -1557 = -13*j - 426. Let i = -43 + j. Calculate the greatest common divisor of i and 12.
4
Let r(t) = t**2 - 15*t. Let x be r(11). Let p = -53 - x. Let d(k) = k + 19. Let j be d(p). What is the greatest 